{"id":573,"date":"2022-07-08T11:57:23","date_gmt":"2022-07-08T09:57:23","guid":{"rendered":"http:\/\/changementsocialbenin.com\/?page_id=573"},"modified":"2024-07-25T13:53:56","modified_gmt":"2024-07-25T11:53:56","slug":"etat-de-droit-et-contentieux-strategiques","status":"publish","type":"page","link":"https:\/\/changementsocialbenin.org\/index.php\/etat-de-droit-et-contentieux-strategiques\/","title":{"rendered":"Etat de droit et contentieux strat\u00e9giques"},"content":{"rendered":"\t\t<div data-elementor-type=\"wp-page\" data-elementor-id=\"573\" class=\"elementor elementor-573\" data-elementor-settings=\"{&quot;ha_cmc_init_switcher&quot;:&quot;no&quot;}\" data-elementor-post-type=\"page\">\n\t\t\t\t\t\t<section class=\"elementor-section elementor-top-section elementor-element elementor-element-1f6f10dd elementor-section-full_width elementor-section-height-default elementor-section-height-default wpr-particle-no wpr-jarallax-no wpr-parallax-no wpr-sticky-section-no\" data-id=\"1f6f10dd\" data-element_type=\"section\" data-settings=\"{&quot;background_background&quot;:&quot;classic&quot;,&quot;background_motion_fx_motion_fx_scrolling&quot;:&quot;yes&quot;,&quot;background_motion_fx_translateY_effect&quot;:&quot;yes&quot;,&quot;background_motion_fx_translateY_speed&quot;:{&quot;unit&quot;:&quot;px&quot;,&quot;size&quot;:3.8999999999999999,&quot;sizes&quot;:[]},&quot;background_motion_fx_translateY_affectedRange&quot;:{&quot;unit&quot;:&quot;%&quot;,&quot;size&quot;:&quot;&quot;,&quot;sizes&quot;:{&quot;start&quot;:0,&quot;end&quot;:100}},&quot;background_motion_fx_devices&quot;:[&quot;desktop&quot;,&quot;tablet&quot;,&quot;mobile&quot;],&quot;_ha_eqh_enable&quot;:false}\">\n\t\t\t\t\t\t<div class=\"elementor-container elementor-column-gap-default\">\n\t\t\t\t\t<div class=\"elementor-column elementor-col-100 elementor-top-column elementor-element elementor-element-29349b17\" data-id=\"29349b17\" data-element_type=\"column\">\n\t\t\t<div class=\"elementor-widget-wrap elementor-element-populated\">\n\t\t\t\t\t\t<div class=\"elementor-element elementor-element-23cba226 elementor-widget elementor-widget-heading\" data-id=\"23cba226\" data-element_type=\"widget\" data-widget_type=\"heading.default\">\n\t\t\t\t<div class=\"elementor-widget-container\">\n\t\t\t\t\t<h2 class=\"elementor-heading-title elementor-size-default\">Etat de droit et contentieux strat\u00e9giques<\/h2>\t\t\t\t<\/div>\n\t\t\t\t<\/div>\n\t\t\t\t\t<\/div>\n\t\t<\/div>\n\t\t\t\t\t<\/div>\n\t\t<\/section>\n\t\t\t\t<section class=\"elementor-section elementor-top-section elementor-element elementor-element-363e546a elementor-section-boxed elementor-section-height-default elementor-section-height-default wpr-particle-no wpr-jarallax-no wpr-parallax-no wpr-sticky-section-no\" data-id=\"363e546a\" data-element_type=\"section\" data-settings=\"{&quot;background_background&quot;:&quot;classic&quot;,&quot;_ha_eqh_enable&quot;:false}\">\n\t\t\t\t\t\t<div class=\"elementor-container elementor-column-gap-default\">\n\t\t\t\t\t<div class=\"elementor-column elementor-col-100 elementor-top-column elementor-element elementor-element-62583556\" data-id=\"62583556\" data-element_type=\"column\">\n\t\t\t<div class=\"elementor-widget-wrap elementor-element-populated\">\n\t\t\t\t\t\t<section class=\"elementor-section elementor-inner-section elementor-element elementor-element-3660568c elementor-section-boxed elementor-section-height-default elementor-section-height-default wpr-particle-no wpr-jarallax-no wpr-parallax-no wpr-sticky-section-no\" data-id=\"3660568c\" data-element_type=\"section\" data-settings=\"{&quot;_ha_eqh_enable&quot;:false}\">\n\t\t\t\t\t\t<div class=\"elementor-container elementor-column-gap-default\">\n\t\t\t\t\t<div class=\"elementor-column elementor-col-50 elementor-inner-column elementor-element elementor-element-51a224c9\" data-id=\"51a224c9\" data-element_type=\"column\">\n\t\t\t<div class=\"elementor-widget-wrap elementor-element-populated\">\n\t\t\t\t\t\t<div class=\"elementor-element elementor-element-3f6ebfee elementor-widget elementor-widget-image\" data-id=\"3f6ebfee\" data-element_type=\"widget\" data-widget_type=\"image.default\">\n\t\t\t\t<div class=\"elementor-widget-container\">\n\t\t\t\t\t\t\t\t\t\t\t\t\t\t\t<img fetchpriority=\"high\" decoding=\"async\" width=\"1000\" height=\"750\" src=\"https:\/\/changementsocialbenin.org\/wp-content\/uploads\/2022\/11\/P1090635-1024x768.jpg\" class=\"attachment-large size-large wp-image-1900\" alt=\"\" srcset=\"https:\/\/changementsocialbenin.org\/wp-content\/uploads\/2022\/11\/P1090635-1024x768.jpg 1024w, https:\/\/changementsocialbenin.org\/wp-content\/uploads\/2022\/11\/P1090635-300x225.jpg 300w, https:\/\/changementsocialbenin.org\/wp-content\/uploads\/2022\/11\/P1090635-768x576.jpg 768w, https:\/\/changementsocialbenin.org\/wp-content\/uploads\/2022\/11\/P1090635-1536x1152.jpg 1536w, https:\/\/changementsocialbenin.org\/wp-content\/uploads\/2022\/11\/P1090635-2048x1536.jpg 2048w, https:\/\/changementsocialbenin.org\/wp-content\/uploads\/2022\/11\/P1090635-200x150.jpg 200w\" sizes=\"(max-width: 1000px) 100vw, 1000px\" \/>\t\t\t\t\t\t\t\t\t\t\t\t\t\t\t<\/div>\n\t\t\t\t<\/div>\n\t\t\t\t\t<\/div>\n\t\t<\/div>\n\t\t\t\t<div class=\"elementor-column elementor-col-50 elementor-inner-column elementor-element elementor-element-637c139d\" data-id=\"637c139d\" data-element_type=\"column\">\n\t\t\t<div class=\"elementor-widget-wrap elementor-element-populated\">\n\t\t\t\t\t\t<div class=\"elementor-element elementor-element-621bb7ba elementor-widget elementor-widget-heading\" data-id=\"621bb7ba\" data-element_type=\"widget\" data-widget_type=\"heading.default\">\n\t\t\t\t<div class=\"elementor-widget-container\">\n\t\t\t\t\t<h2 class=\"elementor-heading-title elementor-size-default\">Etat de droit et contentieux strat\u00e9giques<\/h2>\t\t\t\t<\/div>\n\t\t\t\t<\/div>\n\t\t\t\t<div class=\"elementor-element elementor-element-7522a33f elementor-widget elementor-widget-text-editor\" data-id=\"7522a33f\" data-element_type=\"widget\" data-widget_type=\"text-editor.default\">\n\t\t\t\t<div class=\"elementor-widget-container\">\n\t\t\t\t\t\t\t\t\t<p>Ce programme repose essentiellement sur la surveillance du respect par l\u2019Etat de ses obligations en mati\u00e8re de droits humains. Il s\u2019int\u00e9resse non seulement \u00e0 la soumission de l\u2019Etat au Droit mais \u00e9galement \u00e0 la substance dudit Droit qui doit refl\u00e9ter les standards en mati\u00e8re de droits humains auxquels le B\u00e9nin a souscrit. Pour y arriver, ce programme s\u2019investit dans la saisine des m\u00e9canismes tant nationaux et communautaires que r\u00e9gionaux et internationaux de promotion et protection des droits humains.<\/p>\t\t\t\t\t\t\t\t<\/div>\n\t\t\t\t<\/div>\n\t\t\t\t\t<\/div>\n\t\t<\/div>\n\t\t\t\t\t<\/div>\n\t\t<\/section>\n\t\t\t\t\t<\/div>\n\t\t<\/div>\n\t\t\t\t\t<\/div>\n\t\t<\/section>\n\t\t\t\t<section class=\"elementor-section elementor-top-section elementor-element elementor-element-30c733c4 elementor-section-boxed elementor-section-height-default elementor-section-height-default wpr-particle-no wpr-jarallax-no wpr-parallax-no wpr-sticky-section-no\" data-id=\"30c733c4\" data-element_type=\"section\" data-settings=\"{&quot;background_background&quot;:&quot;classic&quot;,&quot;_ha_eqh_enable&quot;:false}\">\n\t\t\t\t\t\t<div class=\"elementor-container elementor-column-gap-default\">\n\t\t\t\t\t<div class=\"elementor-column elementor-col-100 elementor-top-column elementor-element elementor-element-19c335e1\" data-id=\"19c335e1\" data-element_type=\"column\">\n\t\t\t<div class=\"elementor-widget-wrap elementor-element-populated\">\n\t\t\t\t\t\t<section class=\"elementor-section elementor-inner-section elementor-element elementor-element-67e20587 elementor-section-boxed elementor-section-height-default elementor-section-height-default wpr-particle-no wpr-jarallax-no wpr-parallax-no wpr-sticky-section-no\" data-id=\"67e20587\" data-element_type=\"section\" data-settings=\"{&quot;_ha_eqh_enable&quot;:false}\">\n\t\t\t\t\t\t<div class=\"elementor-container elementor-column-gap-default\">\n\t\t\t\t\t<div class=\"elementor-column elementor-col-50 elementor-inner-column elementor-element elementor-element-7ff091f0\" data-id=\"7ff091f0\" data-element_type=\"column\">\n\t\t\t<div class=\"elementor-widget-wrap elementor-element-populated\">\n\t\t\t\t\t\t<div class=\"elementor-element elementor-element-26b4db7a elementor-widget elementor-widget-heading\" data-id=\"26b4db7a\" data-element_type=\"widget\" data-widget_type=\"heading.default\">\n\t\t\t\t<div class=\"elementor-widget-container\">\n\t\t\t\t\t<h2 class=\"elementor-heading-title elementor-size-default\">Projets<\/h2>\t\t\t\t<\/div>\n\t\t\t\t<\/div>\n\t\t\t\t<div class=\"elementor-element elementor-element-26f6ddd7 elementor-widget-divider--view-line elementor-widget elementor-widget-divider\" data-id=\"26f6ddd7\" data-element_type=\"widget\" data-widget_type=\"divider.default\">\n\t\t\t\t<div class=\"elementor-widget-container\">\n\t\t\t\t\t\t\t<div class=\"elementor-divider\">\n\t\t\t<span class=\"elementor-divider-separator\">\n\t\t\t\t\t\t<\/span>\n\t\t<\/div>\n\t\t\t\t\t\t<\/div>\n\t\t\t\t<\/div>\n\t\t\t\t\t<\/div>\n\t\t<\/div>\n\t\t\t\t<div class=\"elementor-column elementor-col-50 elementor-inner-column elementor-element elementor-element-48c18fca\" data-id=\"48c18fca\" data-element_type=\"column\">\n\t\t\t<div class=\"elementor-widget-wrap\">\n\t\t\t\t\t\t\t<\/div>\n\t\t<\/div>\n\t\t\t\t\t<\/div>\n\t\t<\/section>\n\t\t\t\t<section class=\"elementor-section elementor-inner-section elementor-element elementor-element-1f87c61f elementor-section-boxed elementor-section-height-default elementor-section-height-default wpr-particle-no wpr-jarallax-no wpr-parallax-no wpr-sticky-section-no\" data-id=\"1f87c61f\" data-element_type=\"section\" data-settings=\"{&quot;_ha_eqh_enable&quot;:false}\">\n\t\t\t\t\t\t<div class=\"elementor-container elementor-column-gap-default\">\n\t\t\t\t\t<div class=\"elementor-column elementor-col-33 elementor-inner-column elementor-element elementor-element-8aad253\" data-id=\"8aad253\" data-element_type=\"column\" data-settings=\"{&quot;background_background&quot;:&quot;classic&quot;}\">\n\t\t\t<div class=\"elementor-widget-wrap elementor-element-populated\">\n\t\t\t\t\t\t<div class=\"elementor-element elementor-element-4fb34045 elementor-widget elementor-widget-image\" data-id=\"4fb34045\" data-element_type=\"widget\" data-widget_type=\"image.default\">\n\t\t\t\t<div class=\"elementor-widget-container\">\n\t\t\t\t\t\t\t\t\t\t\t\t\t\t\t<img decoding=\"async\" width=\"1000\" height=\"750\" src=\"https:\/\/changementsocialbenin.org\/wp-content\/uploads\/2022\/11\/P1080969-1-1024x768.jpg\" class=\"attachment-large size-large wp-image-1899\" alt=\"\" srcset=\"https:\/\/changementsocialbenin.org\/wp-content\/uploads\/2022\/11\/P1080969-1-1024x768.jpg 1024w, https:\/\/changementsocialbenin.org\/wp-content\/uploads\/2022\/11\/P1080969-1-300x225.jpg 300w, https:\/\/changementsocialbenin.org\/wp-content\/uploads\/2022\/11\/P1080969-1-768x576.jpg 768w, https:\/\/changementsocialbenin.org\/wp-content\/uploads\/2022\/11\/P1080969-1-1536x1152.jpg 1536w, https:\/\/changementsocialbenin.org\/wp-content\/uploads\/2022\/11\/P1080969-1-2048x1536.jpg 2048w, https:\/\/changementsocialbenin.org\/wp-content\/uploads\/2022\/11\/P1080969-1-200x150.jpg 200w\" sizes=\"(max-width: 1000px) 100vw, 1000px\" \/>\t\t\t\t\t\t\t\t\t\t\t\t\t\t\t<\/div>\n\t\t\t\t<\/div>\n\t\t\t\t<div class=\"elementor-element elementor-element-2639ab19 elementor-widget elementor-widget-heading\" data-id=\"2639ab19\" data-element_type=\"widget\" data-widget_type=\"heading.default\">\n\t\t\t\t<div class=\"elementor-widget-container\">\n\t\t\t\t\t<h2 class=\"elementor-heading-title elementor-size-default\"><a href=\"http:\/\/localhost\/csb\/index.php\/contribution-au-processus-dadoption-dune-loi-sur-la-protection-des-defenseurs-des-droits-de-lhomme-au-benin\/\">Contribution au processus d\u2019adoption d\u2019une loi sur la protection des d\u00e9fenseurs des droits de l\u2019Homme au B\u00e9nin<\/a><\/h2>\t\t\t\t<\/div>\n\t\t\t\t<\/div>\n\t\t\t\t<div class=\"elementor-element elementor-element-17331812 elementor-widget elementor-widget-text-editor\" data-id=\"17331812\" data-element_type=\"widget\" data-widget_type=\"text-editor.default\">\n\t\t\t\t<div class=\"elementor-widget-container\">\n\t\t\t\t\t\t\t\t\t<p>L\u2019Assembl\u00e9e G\u00e9n\u00e9rale des Nations Unies a adopt\u00e9 la R\u00e9solution A\/RES\/53\/144 le 8 mars 1999 la D\u00e9claration sur les D\u00e9fenseurs des droits de l\u2019Homme.<\/p>\t\t\t\t\t\t\t\t<\/div>\n\t\t\t\t<\/div>\n\t\t\t\t<div class=\"elementor-element elementor-element-51f591a wpr-button-icon-style-inline wpr-button-icon-position-right elementor-widget elementor-widget-wpr-button\" data-id=\"51f591a\" data-element_type=\"widget\" data-widget_type=\"wpr-button.default\">\n\t\t\t\t<div class=\"elementor-widget-container\">\n\t\t\t\t\t\t\n\t\t\t\n\t\t\n\t\t<div class=\"wpr-button-wrap elementor-clearfix\">\n\t\t<a class=\"wpr-button wpr-button-effect wpr-button-none\" data-text=\"Go\" href=\"https:\/\/changementsocialbenin.org\/index.php\/contribution-au-processus-dadoption-dune-loi-sur-la-protection-des-defenseurs-des-droits-de-lhomme-au-benin\/\">\n\t\t\t\n\t\t\t<span class=\"wpr-button-content\">\n\t\t\t\t\t\t\t\t\t<span class=\"wpr-button-text\">En savoir plus <\/span>\n\t\t\t\t\t\t\t\t\n\t\t\t\t\t\t\t\t\t<span class=\"wpr-button-icon\"><i class=\"fas fa-angle-right\"><\/i><\/span>\n\t\t\t\t\t\t\t<\/span>\n\t\t<\/a>\n\n\t\t\t\t<\/div>\n\t\n\t\n\t\t\t\t\t<\/div>\n\t\t\t\t<\/div>\n\t\t\t\t\t<\/div>\n\t\t<\/div>\n\t\t\t\t<div class=\"elementor-column elementor-col-33 elementor-inner-column elementor-element elementor-element-5c56dd8a\" data-id=\"5c56dd8a\" data-element_type=\"column\">\n\t\t\t<div class=\"elementor-widget-wrap\">\n\t\t\t\t\t\t\t<\/div>\n\t\t<\/div>\n\t\t\t\t<div class=\"elementor-column elementor-col-33 elementor-inner-column elementor-element elementor-element-5c3ba8b3\" data-id=\"5c3ba8b3\" data-element_type=\"column\" data-settings=\"{&quot;background_background&quot;:&quot;classic&quot;}\">\n\t\t\t<div class=\"elementor-widget-wrap\">\n\t\t\t\t\t\t\t<\/div>\n\t\t<\/div>\n\t\t\t\t\t<\/div>\n\t\t<\/section>\n\t\t\t\t<div class=\"elementor-element elementor-element-15a9d7bb elementor-widget elementor-widget-spacer\" data-id=\"15a9d7bb\" data-element_type=\"widget\" data-widget_type=\"spacer.default\">\n\t\t\t\t<div class=\"elementor-widget-container\">\n\t\t\t\t\t\t\t<div class=\"elementor-spacer\">\n\t\t\t<div class=\"elementor-spacer-inner\"><\/div>\n\t\t<\/div>\n\t\t\t\t\t\t<\/div>\n\t\t\t\t<\/div>\n\t\t\t\t\t<\/div>\n\t\t<\/div>\n\t\t\t\t\t<\/div>\n\t\t<\/section>\n\t\t\t\t<\/div>\n\t\t","protected":false},"excerpt":{"rendered":"<p>Ce programme repose essentiellement sur la surveillance du respect par l\u2019Etat de ses obligations en mati\u00e8re de droits humains. Il s\u2019int\u00e9resse non seulement \u00e0 la soumission de l\u2019Etat au Droit mais \u00e9galement \u00e0 la substance dudit Droit qui doit refl\u00e9ter les standards en mati\u00e8re de droits humains auxquels le B\u00e9nin a souscrit. Pour y arriver, ce programme s\u2019investit dans la saisine des m\u00e9canismes tant nationaux et communautaires que r\u00e9gionaux et internationaux de promotion et protection des droits humains. Projets Contribution au processus d\u2019adoption d\u2019une loi sur la protection des d\u00e9fenseurs des droits de l\u2019Homme au B\u00e9nin L\u2019Assembl\u00e9e G\u00e9n\u00e9rale des Nations Unies a adopt\u00e9 la R\u00e9solution A\/RES\/53\/144 le 8 mars 1999 la D\u00e9claration sur les D\u00e9fenseurs des droits de l\u2019Homme. En savoir plus<\/p>\n","protected":false},"author":1,"featured_media":0,"parent":0,"menu_order":0,"comment_status":"closed","ping_status":"closed","template":"elementor_header_footer","meta":{"footnotes":""},"class_list":["post-573","page","type-page","status-publish","hentry"],"yoast_head":"<!-- This site is optimized with the Yoast SEO Premium plugin v22.8 (Yoast SEO v24.8.1) - https:\/\/yoast.com\/wordpress\/plugins\/seo\/ -->\n<title>Etat de droit et contentieux strat\u00e9giques - Changement social Benin<\/title>\n<meta name=\"robots\" content=\"index, follow, max-snippet:-1, max-image-preview:large, max-video-preview:-1\" \/>\n<link rel=\"canonical\" href=\"https:\/\/changementsocialbenin.org\/index.php\/etat-de-droit-et-contentieux-strategiques\/\" \/>\n<meta property=\"og:locale\" content=\"fr_FR\" \/>\n<meta property=\"og:type\" content=\"article\" \/>\n<meta property=\"og:title\" content=\"Etat de droit et contentieux strat\u00e9giques\" \/>\n<meta property=\"og:description\" content=\"Ce programme repose essentiellement sur la surveillance du respect par l\u2019Etat de ses obligations en mati\u00e8re de droits humains. Il s\u2019int\u00e9resse non seulement \u00e0 la soumission de l\u2019Etat au Droit mais \u00e9galement \u00e0 la substance dudit Droit qui doit refl\u00e9ter les standards en mati\u00e8re de droits humains auxquels le B\u00e9nin a souscrit. Pour y arriver, ce programme s\u2019investit dans la saisine des m\u00e9canismes tant nationaux et communautaires que r\u00e9gionaux et internationaux de promotion et protection des droits humains. Projets Contribution au processus d\u2019adoption d\u2019une loi sur la protection des d\u00e9fenseurs des droits de l\u2019Homme au B\u00e9nin L\u2019Assembl\u00e9e G\u00e9n\u00e9rale des Nations Unies a adopt\u00e9 la R\u00e9solution A\/RES\/53\/144 le 8 mars 1999 la D\u00e9claration sur les D\u00e9fenseurs des droits de l\u2019Homme. En savoir plus\" \/>\n<meta property=\"og:url\" content=\"https:\/\/changementsocialbenin.org\/index.php\/etat-de-droit-et-contentieux-strategiques\/\" \/>\n<meta property=\"og:site_name\" content=\"Changement social Benin\" \/>\n<meta property=\"article:modified_time\" content=\"2024-07-25T11:53:56+00:00\" \/>\n<meta property=\"og:image\" content=\"https:\/\/changementsocialbenin.org\/wp-content\/uploads\/2022\/11\/P1090635-scaled.jpg\" \/>\n\t<meta property=\"og:image:width\" content=\"2560\" \/>\n\t<meta property=\"og:image:height\" content=\"1920\" \/>\n\t<meta property=\"og:image:type\" content=\"image\/jpeg\" \/>\n<meta name=\"twitter:card\" content=\"summary_large_image\" \/>\n<meta name=\"twitter:label1\" content=\"Dur\u00e9e de lecture estim\u00e9e\" \/>\n\t<meta name=\"twitter:data1\" content=\"1 minute\" \/>\n<script type=\"application\/ld+json\" class=\"yoast-schema-graph\">{\"@context\":\"https:\/\/schema.org\",\"@graph\":[{\"@type\":\"WebPage\",\"@id\":\"https:\/\/changementsocialbenin.org\/index.php\/etat-de-droit-et-contentieux-strategiques\/\",\"url\":\"https:\/\/changementsocialbenin.org\/index.php\/etat-de-droit-et-contentieux-strategiques\/\",\"name\":\"Etat de droit et contentieux strat\u00e9giques - Changement social Benin\",\"isPartOf\":{\"@id\":\"https:\/\/changementsocialbenin.org\/#website\"},\"primaryImageOfPage\":{\"@id\":\"https:\/\/changementsocialbenin.org\/index.php\/etat-de-droit-et-contentieux-strategiques\/#primaryimage\"},\"image\":{\"@id\":\"https:\/\/changementsocialbenin.org\/index.php\/etat-de-droit-et-contentieux-strategiques\/#primaryimage\"},\"thumbnailUrl\":\"https:\/\/changementsocialbenin.org\/wp-content\/uploads\/2022\/11\/P1090635-1024x768.jpg\",\"datePublished\":\"2022-07-08T09:57:23+00:00\",\"dateModified\":\"2024-07-25T11:53:56+00:00\",\"breadcrumb\":{\"@id\":\"https:\/\/changementsocialbenin.org\/index.php\/etat-de-droit-et-contentieux-strategiques\/#breadcrumb\"},\"inLanguage\":\"fr-FR\",\"potentialAction\":[{\"@type\":\"ReadAction\",\"target\":[\"https:\/\/changementsocialbenin.org\/index.php\/etat-de-droit-et-contentieux-strategiques\/\"]}]},{\"@type\":\"ImageObject\",\"inLanguage\":\"fr-FR\",\"@id\":\"https:\/\/changementsocialbenin.org\/index.php\/etat-de-droit-et-contentieux-strategiques\/#primaryimage\",\"url\":\"https:\/\/changementsocialbenin.org\/wp-content\/uploads\/2022\/11\/P1090635-scaled.jpg\",\"contentUrl\":\"https:\/\/changementsocialbenin.org\/wp-content\/uploads\/2022\/11\/P1090635-scaled.jpg\",\"width\":2560,\"height\":1920},{\"@type\":\"BreadcrumbList\",\"@id\":\"https:\/\/changementsocialbenin.org\/index.php\/etat-de-droit-et-contentieux-strategiques\/#breadcrumb\",\"itemListElement\":[{\"@type\":\"ListItem\",\"position\":1,\"name\":\"Accueil\",\"item\":\"https:\/\/changementsocialbenin.org\/\"},{\"@type\":\"ListItem\",\"position\":2,\"name\":\"Etat de droit et contentieux strat\u00e9giques\"}]},{\"@type\":\"WebSite\",\"@id\":\"https:\/\/changementsocialbenin.org\/#website\",\"url\":\"https:\/\/changementsocialbenin.org\/\",\"name\":\"Changement social Benin\",\"description\":\"\",\"potentialAction\":[{\"@type\":\"SearchAction\",\"target\":{\"@type\":\"EntryPoint\",\"urlTemplate\":\"https:\/\/changementsocialbenin.org\/?s={search_term_string}\"},\"query-input\":{\"@type\":\"PropertyValueSpecification\",\"valueRequired\":true,\"valueName\":\"search_term_string\"}}],\"inLanguage\":\"fr-FR\"}]}<\/script>\n<!-- \/ Yoast SEO Premium plugin. -->","yoast_head_json":{"title":"Etat de droit et contentieux strat\u00e9giques - Changement social Benin","robots":{"index":"index","follow":"follow","max-snippet":"max-snippet:-1","max-image-preview":"max-image-preview:large","max-video-preview":"max-video-preview:-1"},"canonical":"https:\/\/changementsocialbenin.org\/index.php\/etat-de-droit-et-contentieux-strategiques\/","og_locale":"fr_FR","og_type":"article","og_title":"Etat de droit et contentieux strat\u00e9giques","og_description":"Ce programme repose essentiellement sur la surveillance du respect par l\u2019Etat de ses obligations en mati\u00e8re de droits humains. Il s\u2019int\u00e9resse non seulement \u00e0 la soumission de l\u2019Etat au Droit mais \u00e9galement \u00e0 la substance dudit Droit qui doit refl\u00e9ter les standards en mati\u00e8re de droits humains auxquels le B\u00e9nin a souscrit. Pour y arriver, ce programme s\u2019investit dans la saisine des m\u00e9canismes tant nationaux et communautaires que r\u00e9gionaux et internationaux de promotion et protection des droits humains. Projets Contribution au processus d\u2019adoption d\u2019une loi sur la protection des d\u00e9fenseurs des droits de l\u2019Homme au B\u00e9nin L\u2019Assembl\u00e9e G\u00e9n\u00e9rale des Nations Unies a adopt\u00e9 la R\u00e9solution A\/RES\/53\/144 le 8 mars 1999 la D\u00e9claration sur les D\u00e9fenseurs des droits de l\u2019Homme. En savoir plus","og_url":"https:\/\/changementsocialbenin.org\/index.php\/etat-de-droit-et-contentieux-strategiques\/","og_site_name":"Changement social Benin","article_modified_time":"2024-07-25T11:53:56+00:00","og_image":[{"width":2560,"height":1920,"url":"https:\/\/changementsocialbenin.org\/wp-content\/uploads\/2022\/11\/P1090635-scaled.jpg","type":"image\/jpeg"}],"twitter_card":"summary_large_image","twitter_misc":{"Dur\u00e9e de lecture estim\u00e9e":"1 minute"},"schema":{"@context":"https:\/\/schema.org","@graph":[{"@type":"WebPage","@id":"https:\/\/changementsocialbenin.org\/index.php\/etat-de-droit-et-contentieux-strategiques\/","url":"https:\/\/changementsocialbenin.org\/index.php\/etat-de-droit-et-contentieux-strategiques\/","name":"Etat de droit et contentieux strat\u00e9giques - Changement social Benin","isPartOf":{"@id":"https:\/\/changementsocialbenin.org\/#website"},"primaryImageOfPage":{"@id":"https:\/\/changementsocialbenin.org\/index.php\/etat-de-droit-et-contentieux-strategiques\/#primaryimage"},"image":{"@id":"https:\/\/changementsocialbenin.org\/index.php\/etat-de-droit-et-contentieux-strategiques\/#primaryimage"},"thumbnailUrl":"https:\/\/changementsocialbenin.org\/wp-content\/uploads\/2022\/11\/P1090635-1024x768.jpg","datePublished":"2022-07-08T09:57:23+00:00","dateModified":"2024-07-25T11:53:56+00:00","breadcrumb":{"@id":"https:\/\/changementsocialbenin.org\/index.php\/etat-de-droit-et-contentieux-strategiques\/#breadcrumb"},"inLanguage":"fr-FR","potentialAction":[{"@type":"ReadAction","target":["https:\/\/changementsocialbenin.org\/index.php\/etat-de-droit-et-contentieux-strategiques\/"]}]},{"@type":"ImageObject","inLanguage":"fr-FR","@id":"https:\/\/changementsocialbenin.org\/index.php\/etat-de-droit-et-contentieux-strategiques\/#primaryimage","url":"https:\/\/changementsocialbenin.org\/wp-content\/uploads\/2022\/11\/P1090635-scaled.jpg","contentUrl":"https:\/\/changementsocialbenin.org\/wp-content\/uploads\/2022\/11\/P1090635-scaled.jpg","width":2560,"height":1920},{"@type":"BreadcrumbList","@id":"https:\/\/changementsocialbenin.org\/index.php\/etat-de-droit-et-contentieux-strategiques\/#breadcrumb","itemListElement":[{"@type":"ListItem","position":1,"name":"Accueil","item":"https:\/\/changementsocialbenin.org\/"},{"@type":"ListItem","position":2,"name":"Etat de droit et contentieux strat\u00e9giques"}]},{"@type":"WebSite","@id":"https:\/\/changementsocialbenin.org\/#website","url":"https:\/\/changementsocialbenin.org\/","name":"Changement social Benin","description":"","potentialAction":[{"@type":"SearchAction","target":{"@type":"EntryPoint","urlTemplate":"https:\/\/changementsocialbenin.org\/?s={search_term_string}"},"query-input":{"@type":"PropertyValueSpecification","valueRequired":true,"valueName":"search_term_string"}}],"inLanguage":"fr-FR"}]}},"post_mailing_queue_ids":[],"_links":{"self":[{"href":"https:\/\/changementsocialbenin.org\/index.php\/wp-json\/wp\/v2\/pages\/573","targetHints":{"allow":["GET"]}}],"collection":[{"href":"https:\/\/changementsocialbenin.org\/index.php\/wp-json\/wp\/v2\/pages"}],"about":[{"href":"https:\/\/changementsocialbenin.org\/index.php\/wp-json\/wp\/v2\/types\/page"}],"author":[{"embeddable":true,"href":"https:\/\/changementsocialbenin.org\/index.php\/wp-json\/wp\/v2\/users\/1"}],"replies":[{"embeddable":true,"href":"https:\/\/changementsocialbenin.org\/index.php\/wp-json\/wp\/v2\/comments?post=573"}],"version-history":[{"count":25,"href":"https:\/\/changementsocialbenin.org\/index.php\/wp-json\/wp\/v2\/pages\/573\/revisions"}],"predecessor-version":[{"id":3114,"href":"https:\/\/changementsocialbenin.org\/index.php\/wp-json\/wp\/v2\/pages\/573\/revisions\/3114"}],"wp:attachment":[{"href":"https:\/\/changementsocialbenin.org\/index.php\/wp-json\/wp\/v2\/media?parent=573"}],"curies":[{"name":"wp","href":"https:\/\/api.w.org\/{rel}","templated":true}]}}